{"id":17,"date":"2015-02-23T17:04:50","date_gmt":"2015-02-23T17:04:50","guid":{"rendered":"http:\/\/modellbau.infidelitas.eu\/?page_id=17"},"modified":"2015-03-05T21:48:51","modified_gmt":"2015-03-05T21:48:51","slug":"konzept","status":"publish","type":"page","link":"https:\/\/modellbau.infidelitas.eu\/?page_id=17","title":{"rendered":"Das Konzept"},"content":{"rendered":"<p style=\"text-align: justify;\">Im Jahr 2000 er\u00f6ffnete mir Erwin das er sich im Keller eine Modelleisenbahn bauen m\u00f6chte. F\u00fcr diese Idee musste ich nicht erst lange begeistert werden. So wurden auch recht rasch die Eckpunkte f\u00fcr die Anlage festgelegt. Der Ma\u00dfstab und die Schienen waren keine gro\u00dfe H\u00fcrde. Die M\u00e4rklin Gleise haben uns von der Optik nicht \u00fcberzeugt. Digital oder Analog war da noch einmal schwieriger, weil bereits rollendes Gut vorhanden war. Schlie\u00dflich viel die Wahl dann doch auf Digital. Die Weichensteuerung sollte aber Analog erfolgen. Keine Oberleitungen und zu meinem bedauern auch kein Schattenbahnhof. Es soll ein zentraler gro\u00dfer Bahnhof werden mit einem oder zwei Nebenbahnh\u00f6fen. Die Streckenf\u00fchrung wurde w\u00e4hrend der Planung mehrfach ge\u00e4ndert, aber letztlich auf eine Eingleisige Streckenf\u00fchrung geplant. Bei der Epoche wollten wir uns nicht festlegen. Aber Das Thema war sofort klar. \u00d6sterreich und im Speziellen die Steiermark. Jedoch ohne eine bestimmte Bahn zum Vorbild. Die Geb\u00e4ude m\u00f6chte ich alle samt in Eigenbau entstehen lassen.<\/p>\n<ul>\n<li style=\"text-align: justify;\">Der Ma\u00dfstab soll 1:87, also H0 betragen.<\/li>\n<li style=\"text-align: justify;\">Bei den Schienen fiel die Wahl schnell auf Rocco\u00a9 ohne Bettung.<\/li>\n<li style=\"text-align: justify;\">Der Fahrbetrieb sollte Digital erfolgen.<\/li>\n<li style=\"text-align: justify;\">Analoge Weichenschaltung<\/li>\n<li style=\"text-align: justify;\">Keine Oberleitungen<\/li>\n<li style=\"text-align: justify;\">Kein Schattenbahnhof<\/li>\n<li style=\"text-align: justify;\">Ein Gro\u00dfer Bahnhof<\/li>\n<li style=\"text-align: justify;\">ein oder zwei Nebenbahnh\u00f6fe<\/li>\n<li style=\"text-align: justify;\">Eingleisige Streckenf\u00fchrung<\/li>\n<li style=\"text-align: justify;\">keine feste Epoche<\/li>\n<li style=\"text-align: justify;\">Thema \u00d6sterreich, Steiermark im speziellen<\/li>\n<li style=\"text-align: justify;\">Geb\u00e4ude Marke Eigenbau<\/li>\n<\/ul>\n","protected":false},"excerpt":{"rendered":"<p>Im Jahr 2000 er\u00f6ffnete mir Erwin das er sich im Keller eine Modelleisenbahn bauen m\u00f6chte. F\u00fcr diese Idee musste ich nicht erst lange begeistert werden. So wurden auch recht rasch die Eckpunkte f\u00fcr die Anlage festgelegt. Der Ma\u00dfstab und die Schienen waren keine gro\u00dfe H\u00fcrde. Die M\u00e4rklin Gleise haben uns von der Optik nicht \u00fcberzeugt. &hellip; <\/p>\n<p><a class=\"more-link btn\" href=\"https:\/\/modellbau.infidelitas.eu\/?page_id=17\">Weiterlesen<\/a><\/p>\n","protected":false},"author":2,"featured_media":0,"parent":0,"menu_order":0,"comment_status":"open","ping_status":"open","template":"","meta":{"footnotes":""},"class_list":["post-17","page","type-page","status-publish","hentry","nodate","item-wrap"],"_links":{"self":[{"href":"https:\/\/modellbau.infidelitas.eu\/index.php?rest_route=\/wp\/v2\/pages\/17","targetHints":{"allow":["GET"]}}],"collection":[{"href":"https:\/\/modellbau.infidelitas.eu\/index.php?rest_route=\/wp\/v2\/pages"}],"about":[{"href":"https:\/\/modellbau.infidelitas.eu\/index.php?rest_route=\/wp\/v2\/types\/page"}],"author":[{"embeddable":true,"href":"https:\/\/modellbau.infidelitas.eu\/index.php?rest_route=\/wp\/v2\/users\/2"}],"replies":[{"embeddable":true,"href":"https:\/\/modellbau.infidelitas.eu\/index.php?rest_route=%2Fwp%2Fv2%2Fcomments&post=17"}],"version-history":[{"count":5,"href":"https:\/\/modellbau.infidelitas.eu\/index.php?rest_route=\/wp\/v2\/pages\/17\/revisions"}],"predecessor-version":[{"id":270,"href":"https:\/\/modellbau.infidelitas.eu\/index.php?rest_route=\/wp\/v2\/pages\/17\/revisions\/270"}],"wp:attachment":[{"href":"https:\/\/modellbau.infidelitas.eu\/index.php?rest_route=%2Fwp%2Fv2%2Fmedia&parent=17"}],"curies":[{"name":"wp","href":"https:\/\/api.w.org\/{rel}","templated":true}]}}